u be (-3 - 1652/11) + 6/33. Let p = 330 + u. What is the hundreds digit of p?
1
Let b(g) = -9 - 12 + 8*g**2 + 7*g + 5 - g**3. What is the units digit of b(6)?
8
What is the tens digit of (4386/4)/(258/344)?
6
Let n(t) = -2*t**2. Let x be n(-1). Let g be (x/(-2))/(7/35). Let d = 57 - g. What is the units digit of d?
2
Let t be (1 - (-2 + 5)) + 22. Let s = t + -17. Suppose 2*b + 7 = 3*p + 2*p, s*b + 2*p = 37. What is the units digit of b?
9
Let i = -724 - -1054. Suppose -x + 3*x - 132 = -5*y, 5*x - i = 4*y. What is the tens digit of x?
6
Suppose -5*m - 278 = 3*v - 3611, m - 1113 = -v. What is the units digit of v?
6
Suppose -778 - 391 = -4*i - 5*n, -4*i + 4*n + 1160 = 0. What is the units digit of i?
1
Let g(h) = -h**2 + 6*h + 6. Suppose -l - 112 = i - 4*l, 5*i = 3*l - 512. Let x be i/(-15) - (-4)/(-6). What is the units digit of g(x)?
6
Let z be 203/28 + -4 - 1/4. Suppose 2 = -j - z, -5*j = 2*w - 159. What is the tens digit of w?
9
Let q(z) be the second derivative of -43*z**3/6 - 4*z**2 + 6*z. Let r be q(-6). Suppose -3*c = -v - 67 - 79, -5*c + 3*v + r = 0. What is the tens digit of c?
4
Suppose -g + 2412 = 1071. What is the thousands digit of g?
1
Let t(v) = 5*v**3 - 4*v**2 + 2*v. Suppose 0 = 2*y - 5 + 1. Let a be t(y). What is the tens digit of -4 + a + -3 + 5?
2
Suppose 0 = 2*s - 6, 2*l + 3*s = 6*l - 75. Suppose 2*c = c - 49. What is the units digit of 6/l - 1260/c?
6
Let w be 5/4 + -1 - (-494)/8. Suppose w = 3*q - 232. What is the tens digit of q?
9
Let t = -489 + 1103. What is the tens digit of t?
1
Let c be ((-18)/3)/((-11)/3 - -3). Let n(j) = j**3 - 10*j**2 + 15*j. What is the tens digit of n(c)?
5
Suppose 2*u = 3*w - 6389, 11*u = -3*w + 15*u + 6385. What is the hundreds digit of w?
1
Suppose -8 = -4*n - 2*b - 2, n + 2*b + 6 = 0. Let t be (-33)/(-12) - (-1)/n. Suppose t*w - 85 = -2*w. What is the units digit of w?
7
Let f be (-17)/((-34)/24) - -1*1. Let l = 75 + f. What is the tens digit of l?
8
Suppose 22*p - 5527 = 809. What is the units digit of p?
8
Let k(f) = -f**3 - 7*f**2 - 6*f - 6. Let x be k(-4). Let h = x - -51. Let s = -13 + h. What is the units digit of s?
8
Suppose -2*b - 87*y + 82*y + 7747 = 0, -5*b + 19385 = -5*y. What is the tens digit of b?
7
Let f(v) = -v**2 - 4*v + 9. Let b = -1 - 6. Let z be f(b). Let c = z + 21. What is the units digit of c?
9
Suppose b = -2*b - 186. Let s = 137 + b. What is the tens digit of s?
7
Let b(c) be the third derivative of c**8/2016 + c**6/720 - 2*c**5/15 + c**2. Let p(a) be the third derivative of b(a). What is the tens digit of p(1)?
1
Let x(i) = i**3 + 14*i**2 - 41*i + 1. What is the tens digit of x(-13)?
0
Suppose 5*j - 5*x - 13 = 27, -2*j = 2*x + 4. Suppose 0 = -p - j*p + 344. What is the tens digit of p?
8
Let o(n) = 2*n - 4. Let p be o(2). Suppose -4*j = -2*g - 238, -g - g + 2 = p. What is the units digit of j?
0
Let u(a) = -a**2 + 1. Let n be u(2). Let f = 8 + n. Suppose 0 = w - f*p - 5, 3*p - 2 = p. What is the units digit of w?
0
Let g(h) = h**2 + 9*h + 7. Let w be g(-8). Let b be -1 + (w - 35)/4. What is the units digit of ((-4)/b)/((-1)/(-45))?
8
Suppose 5*f + 100 = -5. Let x(p) = p**3 + 15*p**2 + 11*p + 5. Let t be x(-14). Let i = t + f. What is the tens digit of i?
2
Suppose -g - 2*g = 0. Suppose -5 = -g*h - h. Suppose 0 = 3*m - 3*r - 102, m + h*r = -m + 61. What is the tens digit of m?
3
Let o be (-4)/6 - 119/(-3). Suppose j + x = o, -5*j - 2*x = -0*x - 207. What is the tens digit of j?
4
Suppose 2*b - 7*b = 0. Suppose -3*c - v + 3 = b, 2*v - 2 = -0*c - 4*c. What is the units digit of c?
2
Let g = -22 + 26. Suppose 4*b - 17 = 5*f, g*f + b + 7 = 2*b. What is the units digit of (11 - -4) + 2 - f?
8
Let k(r) = r**3 + 2*r**2 - 2*r + 1. Let l be k(1). Suppose 4*c + m - 52 = 0, l*m - m + 18 = c. Suppose -c + 92 = 3*y. What is the tens digit of y?
2
Suppose -3*y + 16 = d, -50 - 5 = -5*y + 4*d. Suppose 0 = -y*b + 4*b - 27. Let c(p) = p + 27. What is the units digit of c(b)?
8
Suppose 3*a = -2*f - 5, 3*f - 4*a = 39 - 4. Suppose t - 5*t + 3*h + 8 = 0, t = -f*h + 2. Suppose -64 = -t*o + 40. What is the units digit of o?
2
Let u = -30 - -34. Suppose -g - g + 468 = u*v, 2*g + 3*v - 464 = 0. What is the units digit of g?
6
Let y be ((-3)/(-6))/((-1)/(-70)). Let l be 6/(-5)*(-85)/2. Let k = l - y. What is the units digit of k?
6
Suppose 2*z + 3*h = -42, 4*z + 0*z - 3*h + 84 = 0. Let a = 282 - 401. What is the units digit of 2/6 + a/z?
6
Suppose 2*d = -5*r + 21, 33*r - 2*d - 6 = 29*r. Suppose 5*f = 2*f + 6. Suppose f*c + r*q = -0*q + 67, 5*c = 4*q + 202. What is the tens digit of c?
3
Let k = -458 + 627. What is the hundreds digit of k?
1
Suppose 2*h = -3*c + 13279, 149*c - 8853 = 147*c - h. What is the tens digit of c?
2
Suppose 1382 + 1656 = 7*a. What is the units digit of a?
4
Let p(u) = 2*u**2 + 7*u + 7. Let m(i) = -i**3 - 6*i**2 + 7*i - 5. Suppose 2*d + 2*x + 29 = 7*x, d = -2*x - 1. Let w be m(d). What is the units digit of p(w)?
2
Let c(d) = -2*d**3 - 6*d**2 + 7*d - 12. Let t(a) be the first derivative of -a**4/4 - a - 6. Let m(u) = c(u) - 3*t(u). What is the units digit of m(5)?
1
What is the tens digit of (62/6)/1 - 4/(-6)?
1
Suppose 5*c - 69 + 9 = 0. Suppose 3*f - 339 = -5*d - f, 0 = 3*f + c. What is the units digit of d?
1
Let b = 10 - 5. Let m = b - 8. Let r = m + 8. What is the units digit of r?
5
Let t(d) be the first derivative of -3*d**2/2 - 4*d - 3. Let s(g) = g - 4. Let u be s(0). What is the units digit of t(u)?
8
Suppose 3*o + 2*o + 2*n - 83 = 0, 0 = 5*o + 5*n - 80. Suppose o*i - 2910 = 2*i. What is the units digit of i?
4
Let h(r) = 10 - 11 - 9 - 13 - 4*r. What is the units digit of h(-11)?
1
Let b(j) = -7*j + 1. Let d be b(-1). Let y = d - 10. What is the units digit of ((-4)/(-10))/(y/(-60))?
2
Suppose -14*k + 16*k = -f + 2519, 0 = -5*f + 5*k + 12640. What is the hundreds digit of f?
5
What is the units digit of (3/(-4))/(18/(-39384))?
1
Let l(c) = 8*c**2 + 3*c - 14. Let a(r) = -17*r**2 - 7*r + 29. Let y(m) = 6*a(m) + 13*l(m). Let u be y(7). Suppose 4*z = 19 + u. What is the tens digit of z?
2
Let x(z) = z - 6. Let m be x(9). Let c(h) = 6*h**2 + 1 - 4*h**2 + 1. What is the units digit of c(m)?
0
Let t(p) = -p**3 + 14*p**2 + 14*p + 18. Let q be t(15). Let r be (7 + -1)*2/q. Suppose -o - r*a + 56 = 0, -o - 3*o = 3*a - 211. What is the tens digit of o?
5
Let v = 423 + 371. What is the tens digit of v?
9
Let a = 58 + -166. Let p be 27*(-2 + -4 - 1). Let c = a - p. What is the units digit of c?
1
Let z = -55 - -58. Suppose k - z*v = 33, -v - 81 = -2*k - 0*k. What is the units digit of k?
2
What is the units digit of (708/(-20) - 2)/((-14)/1190)?
9
Let p(x) = -5*x - 4. Let q(u) = -13*u**2 - 9*u + 7. Let a(v) = 7*v**2 + 5*v - 3. Let f(g) = -11*a(g) - 6*q(g). Let i be f(0). What is the tens digit of p(i)?
4
Let z = 1120 + 2. What is the units digit of z?
2
What is the tens digit of (-1)/(-3) - (-1580)/3?
2
Let a be (-119)/(-2)*(-8)/(-14). Suppose 5*x = -254 + 1464. Suppose -a = 4*n - x. What is the units digit of n?
2
Let x be 8 + 3*3/9. Suppose 5*n + x + 41 = -5*i, -3*i - 24 = n. Let y = 28 + i. What is the units digit of y?
1
Let l(m) = m**3 + 9*m**2 - 7*m + 10. Let p be l(-9). Let u be (-10)/(-25) - p/(-5). What is the units digit of 36/20*u*1?
7
Let q = 220 - 170. What is the tens digit of q?
5
Let k = -43 + 100. Let p = 242 - k. Suppose 3*h - p = -11. What is the units digit of h?
8
Suppose -k - 4*p + 2 = -75, -3*p + 453 = 5*k. What is the units digit of k?
3
Let o be -8*(-3)/12 + -1. Let b be 15/1 + -2 + 0. Suppose -b = -2*d - o. What is the units digit of d?
6
Suppose 3*r + 15 = -3*o, 0 = 5*r + 3*o - 4 + 29. Let x be ((-40)/(-3))/(r/15). Let f = 62 + x. What is the tens digit of f?
2
Let o(f) = 15*f + 1. Let t be 5/10 - 9/(-6). What is the units digit of o(t)?
1
Let a(h) = h**3 + h**2 - 2. Let y be a(-2). Let q(d) = d**2 + 2*d - 4. Let r be q(y). Let w = r - 4. What is the units digit of w?
6
Suppose 3*w - 5 = m + 5, 2*w + 4*m + 12 = 0. Let c = -7 + 17. Suppose -w*y + 14 + c = 0. What is the tens digit of y?
1
Suppose 7*v - 5*v = 5*v. Suppose -s + 43 + 27 = v. What is the tens digit of s?
7
Let i = -30 + -124. Let f = i + 308. What is the units digit of f?
4
Let w(i) be the first derivative of 3*i**2/2 + 2*i + 1. Let f be w(3). Suppose -2*y = 2*j - f - 7, -3*y = -2